 prime?
True
Is 2829905159 a composite number?
False
Is 4528766861 a composite number?
True
Is 67699117429 composite?
True
Is 141331748903 a composite number?
False
Is 566175053 a prime number?
False
Is 373124123 a composite number?
False
Is 10418371267 a prime number?
False
Is 608582851 a prime number?
True
Is 11170225721 prime?
True
Is 16992689731 composite?
True
Is 258889427 a composite number?
True
Is 2145385157 a prime number?
True
Is 2691189629 a composite number?
False
Is 79197855091 a composite number?
False
Is 5558339627 prime?
False
Is 36357362047 a prime number?
True
Is 53916970031 prime?
True
Is 271899821 composite?
True
Is 974862209 prime?
False
Is 8677201861 a prime number?
False
Is 68072447777 prime?
False
Is 17877659369 composite?
False
Is 4063363 prime?
True
Is 4582560053 composite?
False
Is 2812424533 a prime number?
True
Is 9798913141 composite?
True
Is 1559240117 a composite number?
True
Is 1409583871 a prime number?
True
Is 12723853691 a prime number?
True
Is 4780665991 a composite number?
True
Is 4607646497 a composite number?
False
Is 4229665499 prime?
False
Is 191084077 a prime number?
False
Is 1869552841 a prime number?
False
Is 499175681 prime?
True
Is 792596881 composite?
False
Is 20734014517 prime?
False
Is 268836551 a prime number?
True
Is 500802947 composite?
True
Is 4020953087 a composite number?
False
Is 1094374223 a composite number?
False
Is 9042302 a prime number?
False
Is 1636879261 composite?
False
Is 137653908617 a prime number?
True
Is 447535327 a prime number?
False
Is 6910471357 composite?
False
Is 776894429 prime?
True
Is 25452323 a composite number?
True
Is 3895609961 a composite number?
False
Is 12662370319 prime?
False
Is 142801063963 a prime number?
True
Is 1647225497 a prime number?
False
Is 5459804827 a prime number?
True
Is 4869879193 composite?
False
Is 114659023 a composite number?
True
Is 233447239 composite?
True
Is 11133059027 prime?
True
Is 5066486203 a prime number?
False
Is 298657217 a prime number?
True
Is 3483906469 composite?
False
Is 1974496757 prime?
False
Is 5929963829 composite?
True
Is 21348916219 a prime number?
True
Is 27743084797 a prime number?
False
Is 17756859539 prime?
False
Is 284000741 a prime number?
False
Is 757541011 a composite number?
False
Is 1361773163 composite?
False
Is 11539799 composite?
True
Is 282905477 a prime number?
True
Is 191083699483 a composite number?
False
Is 20125710782 prime?
False
Is 68999873 a prime number?
True
Is 415602643 prime?
True
Is 159758477 prime?
False
Is 477048703 prime?
False
Is 183896959 composite?
True
Is 2983663717 prime?
False
Is 743251601 a composite number?
True
Is 2981086679 a composite number?
True
Is 6023294471 a composite number?
False
Is 1099663561 composite?
False
Is 450529141759 prime?
True
Is 808424947 a composite number?
True
Is 958317599 prime?
True
Is 20363888869 composite?
False
Is 50385024901 a composite number?
True
Is 12631137929 a composite number?
False
Is 1140851479 prime?
False
Is 1079371729 a composite number?
False
Is 5340545867 prime?
False
Is 2600040629 a composite number?
False
Is 3307804091 composite?
False
Is 646014947 prime?
True
Is 95033729041 a prime number?
True
Is 28229434063 a prime number?
False
Is 9476482289 composite?
False
Is 6735566771 a composite number?
False
Is 9503622847 prime?
True
Is 46849491409 a composite number?
True
Is 212381251 composite?
False
Is 22040095169 a prime number?
True
Is 4106666891 a composite number?
True
Is 2387860927 composite?
False
Is 23204850469 prime?
False
Is 188165711 prime?
True
Is 7045152383 a composite number?
True
Is 24588254542 prime?
False
Is 58526043013 prime?
True
Is 2772837107 a composite number?
True
Is 1128261811 a prime number?
False
Is 2288635009 a prime number?
True
Is 16840861 a composite number?
False
Is 5522012069 a prime number?
False
Is 331771826343 a composite number?
True
Is 4444869791 composite?
False
Is 24936880849 a composite number?
False
Is 342573227 composite?
True
Is 4019247961 composite?
False
Is 38576714903 a prime number?
True
Is 407534891 prime?
True
Is 12677721193 a composite number?
False
Is 10818485773 prime?
True
Is 502886159 prime?
True
Is 3336573319 a composite number?
True
Is 1277294743 composite?
True
Is 212092624033 prime?
False
Is 18263335919 a composite number?
True
Is 5608952963 a composite number?
True
Is 281883571 prime?
True
Is 841505869 a composite number?
False
Is 6473200361 a prime number?
True
Is 27461105773 a prime number?
True
Is 214535339 prime?
True
Is 875339533 a prime number?
True
Is 13220780231 a composite number?
False
Is 1306718689 a composite number?
False
Is 10160545997 a composite number?
True
Is 74543701 a prime number?
True
Is 12962447863 prime?
True
Is 5439422666 prime?
False
Is 9776711851 a composite number?
False
Is 157343663 prime?
True
Is 17698288177 composite?
False
Is 664754287 a prime number?
True
Is 57810774677 prime?
False
Is 9813194099 a prime number?
False
Is 1688451559 a prime number?
True
Is 2410415381 composite?
True
Is 2533614753 a composite number?
True
Is 24375630509 composite?
True
Is 3827557567 prime?
False
Is 398389363 a prime number?
True
Is 71878965943 prime?
True
Is 2453976601 a composite number?
False
Is 1041435719 prime?
True
Is 328467983 a composite number?
True
Is 14822677967 prime?
True
Is 78684264899 a prime number?
True
Is 2535387709 a composite number?
False
Is 18894848891 prime?
True
Is 14308856197 a composite number?
False
Is 1222498229 a prime number?
False
Is 866865823 prime?
False
Is 6970875367 prime?
False
Is 131227071203 composite?
True
Is 248579549 prime?
False
Is 9538441247 a prime number?
False
Is 8922749801 composite?
True
Is 1274836763 prime?
True
Is 21892457071 a prime number?
True
Is 113749731911 a prime number?
False
Is 242723851 composite?
True
Is 5518630573 composite?
False
Is 78098151463 a composite number?
False
Is 4892731951 a composite number?
False
Is 23571447271 composite?
False
Is 19264789319 composite?
False
Is 8472504221 composite?
False
Is 7989204319 a prime number?
False
Is 88901163203 a composite number?
False
Is 4004692927 composite?
False
Is 6235731791 a composite number?
True
Is 2347165787 composite?
False
Is 8754869 composite?
False
Is 125798291057 composite?
True
Is 2774003231 prime?
False
Is 68949225731 prime?
True
Is 4301675047 a prime number?
False
Is 205330168019 a composite number?
False
Is 136862288447 a composite number?
False
Is 22521000017 a composite number?
False
Is 1583547109 composite?
False
Is 3508917689 a prime number?
False
Is 2562944959 a prime number?
True
Is 85059199 composite?
True
Is 4772487977 prime?
False
Is 33905040863 composite?
True
Is 6546178259 a composite number?
False
Is 69444289259 composite?
False
Is 241131259 a composite number?
True
Is 948976901 composite?
True
Is 30093006173 a composite number?
True
Is 14923392683 composite?
True
Is 5054307697 a prime number?
True
Is 17411834227 a prime number?
True
Is 600987353 a prime number?
False
Is 7693253 a prime number?
False
Is 54657340999 composite?
True
Is 8452453679 prime?
True
Is 29163432929 prime?
True
Is 1196836643 a composite number?
False
Is 229840759 a composite number?
False
Is 56761721579 a composite number?
True
Is 17602484183 composite?
True
Is 1387262743 prime?
True
Is 416522069 a composite number?
False
Is 2212868719 a prime number?
True
Is 24204737449 a prime number?
False
Is 5364830069 composite?
False
Is 688081709 prime?
False
Is 531570197 composite?
True
Is 295259659 composite?
True
Is 25794115441 a prime number?
False
Is 5738807209 a composite number?
True
Is 2085449183 composite?
False
Is 22110636893 a prime number?
True
Is 7437842033 composite?
False
Is 6057845063 prime?
True
Is 9143915129 composite?
True
Is 1958345203 a composite number?
False
Is 944731939 a prime number?
False
Is 526814269 a composite number?
True
Is 42300923797 a prime number?
False
Is 8313694573 a prime number?
False
Is 1074318863 a composite number?
False
Is 40808456009 a composite number?
False
Is 106440427 a prime number?
False
Is 67251182529 prime?
False
Is 13441889 composite?
False
Is 3299196707 a composite number?
False
Is 55494899 prime?
False
Is 1938948577 a composite number?
True
Is 751910587 a prime number?
False
Is 1271639267 a composite number?
Fa